ine f(5).
60
Let h(c) = 3999*c + 12045. Give h(-3).
48
Let s(p) = p**3 + 3*p**2 + 40*p + 177. Determine s(-4).
1
Let k(r) = r**3 + 5*r**2 - 18*r - 34. Determine k(-9).
-196
Let f(n) = -3*n**2 - 54*n - 155. Give f(-3).
-20
Let k(w) = 22*w**2 - 327*w - 60. What is k(15)?
-15
Let n(p) = 8*p**3 + 1569*p**2 + 180*p - 3140. Calculate n(-196).
-4
Let k(t) = 172*t + 20287. What is k(-118)?
-9
Let m(n) = -6*n**2 + 362*n - 133. What is m(60)?
-13
Let d(q) = q**3 + 16*q**2 - 243*q + 168. Give d(9).
6
Let q(v) = -599*v - 2997. Calculate q(-5).
-2
Let y(j) = 8*j + 56. What is y(-6)?
8
Let b(p) = 37*p**2 - 671*p + 92. Give b(18).
2
Let a(q) = q**3 + 24*q**2 - 38*q - 59. What is a(-25)?
266
Let z(u) = u**3 + 23*u**2 + 10*u + 13. Give z(0).
13
Let l(r) = -r**3 - 11*r**2 + 81*r + 882. Calculate l(-11).
-9
Let k(y) = -269*y + 1983. Determine k(7).
100
Let l(m) = m**2 - 86*m + 1132. What is l(70)?
12
Let g(h) = 38*h + 424. What is g(-11)?
6
Let o(n) = 477*n - 5241. Determine o(11).
6
Let c(f) = 7*f**2 - 161*f - 546. What is c(26)?
0
Let t(q) = q**3 + 22*q**2 + 92*q - 41. Give t(-17).
-160
Let p(y) = -y**3 + 42*y**2 + 88*y - 113. Give p(44).
-113
Let v(m) = -126*m**2 + 16*m + 22. What is v(-2)?
-514
Let t(q) = 3*q**2 - 31*q - 66. Calculate t(-6).
228
Let o(a) = 221*a**2 + 20*a + 30. Determine o(-2).
874
Let o(j) = 9*j**2 + 32*j + 102. What is o(-6)?
234
Let p(n) = n**2 - 5*n - 12. Give p(0).
-12
Let i(d) = 43*d + 1836. What is i(-43)?
-13
Let t(g) = g**2 + 76*g + 1370. Give t(-29).
7
Let z(d) = 2*d**2 - 39*d + 3. What is z(19)?
-16
Let r(u) = -53*u**3 - 2*u**2 - 1. Give r(2).
-433
Let n(o) = 5*o - 47. Determine n(19).
48
Let m(r) = -235*r + 4238. Calculate m(18).
8
Let s(q) = q**2 - 4*q + 33. What is s(3)?
30
Let i(y) = 56*y - 1753. What is i(31)?
-17
Let v(w) = -119*w**2 - 823*w + 17. Calculate v(-7).
-53
Let f(l) = 3*l**2 + 331*l - 14739. Calculate f(34).
-17
Let m(y) = 53*y**3 - 92*y**2 - 25*y + 3. What is m(2)?
9
Let g(r) = -3*r**2 - 142*r - 142. Give g(-1).
-3
Let w(v) = 4101*v - 28700. Calculate w(7).
7
Let v(t) = -t**2 - 73*t - 473. Calculate v(-7).
-11
Let b(z) = -3*z**2 + 88*z - 65. Determine b(25).
260
Let b(z) = -z**3 - 97*z**2 - 547*z + 101. What is b(-91)?
192
Let l(a) = -6261*a - 37563. Determine l(-6).
3
Let h(u) = -2*u**2 + 51*u + 39. Calculate h(26).
13
Let y(n) = 705*n + 5578. Calculate y(-8).
-62
Let m(d) = 10*d**2 - 408*d - 148. Give m(41).
-66
Let j(y) = -23*y - 29. What is j(18)?
-443
Let k(t) = -7*t**2 - 36*t - 6. Determine k(-5).
-1
Let d(j) = 182*j + 5311. Give d(-29).
33
Let l(h) = -117*h - 1982. Determine l(-17).
7
Let z(u) = -4*u**3 + 31*u**2 - 20*u + 3. Give z(6).
135
Let f(g) = 36*g - 63. Calculate f(3).
45
Let b(c) = -c**3 + 7*c**2 - 8*c + 10. What is b(4)?
26
Let m(z) = -288*z - 1473. Give m(-5).
-33
Let j(h) = h**3 - 3*h**2 - 41*h + 161. Calculate j(5).
6
Let n(y) = -10*y + 407. Determine n(38).
27
Let d(x) = -5*x**3 + x**2 - 28*x - 24. What is d(0)?
-24
Let n(f) = -582*f - 36. What is n(1)?
-618
Let i(w) = 322*w + 4885. What is i(-15)?
55
Let m(l) = -24*l**2 - 3359*l + 145. Give m(-140).
5
Let c(g) = -5*g - 207. Calculate c(-45).
18
Let i(q) = -91*q - 1976. Determine i(-21).
-65
Let a(b) = b**3 + 3*b**2 - 11*b + 1. Calculate a(-5).
6
Let k(y) = -y**3 - 9*y**2 + 2*y + 111. Give k(-7).
-1
Let z(o) = -o**3 + 94*o**2 - 333*o - 118. Determine z(4).
-10
Let n(g) = 249*g - 3496. Calculate n(14).
-10
Let j(n) = -n**3 - 34*n**2 + 18*n - 603. Determine j(-35).
-8
Let s(c) = -c**3 + 27*c**2 - 81*c + 1126. What is s(26)?
-304
Let m(s) = -2*s**3 - 35*s**2 + 10*s - 136. What is m(-18)?
8
Let l(g) = g**3 - 15*g**2 - 33*g - 14. Calculate l(17).
3
Let l(k) = 115*k**3 - k**2 + 3*k - 24. Determine l(0).
-24
Let z(g) = g**3 + 197*g**2 - 197*g + 182. Give z(-198).
-16
Let x(r) = 2*r**3 - 34*r**2 - 16*r - 64. Calculate x(18).
296
Let l(b) = -103*b + 822. Give l(8).
-2
Let b(x) = x**3 + 20*x**2 + 54*x + 1574. Give b(-21).
-1
Let j(o) = -8193*o + 532537. Calculate j(65).
-8
Let d(u) = 5*u**3 - 14*u**2 + 11*u - 37. Determine d(3).
5
Let h(k) = k**2 - 39*k - 705. Give h(-15).
105
Let t(q) = -337*q - 49873. Determine t(-148).
3
Let j(y) = -5*y**2 + 23*y + 52. Determine j(6).
10
Let g(h) = 16*h - 120. Determine g(5).
-40
Let z(i) = -i + 481. Calculate z(-20).
501
Let q(f) = 12*f**2 - f + 4. Calculate q(0).
4
Let h(k) = -53*k - 406. Give h(4).
-618
Let y(m) = 373*m + 6347. Give y(-17).
6
Let j(s) = -s**3 + 11*s**2 - 32*s + 13. Calculate j(6).
1
Let i(f) = 2*f + 306. Calculate i(36).
378
Let g(i) = 215*i + 593. Calculate g(-3).
-52
Let r(v) = -219*v + 15996. Determine r(73).
9
Let t(h) = h**3 + 37*h**2 + 6*h - 445. Calculate t(-37).
-667
Let m(p) = 78*p**2 - 2*p + 3. Give m(1).
79
Let u(d) = -74*d - 72. Calculate u(-3).
150
Let l(g) = -819*g**3 + 2*g**2 + g - 2. Calculate l(-1).
818
Let h(g) = -g**2 + 10*g + 30. What is h(0)?
30
Let n(s) = 11*s + 102. Determine n(-11).
-19
Let y(a) = 195*a - 193. Determine y(1).
2
Let m(p) = -19*p + 28. Determine m(1).
9
Let j(u) = -u**3 + 46*u**2 - 83*u - 187. Determine j(44).
33
Let h(l) = 83*l - 6141. Calculate h(75).
84
Let n(x) = x**2 - 68*x + 617. Determine n(56).
-55
Let o(v) = -v**3 + 57*v**2 + 59*v + 72. Determine o(58).
130
Let p(v) = -21*v - 45. Determine p(-3).
18
Let g(a) = -499*a - 2489. Give g(-5).
6
Let j(p) = p**2 + p + 37. Determine j(-9).
109
Let u(t) = 1141*t - 4562. Determine u(4).
2
Let u(x) = -7*x**2 + 109*x - 317. Give u(4).
7
Let a(m) = -m - 15. Determine a(-20).
5
Let z(h) = -h**3 + 10*h**2 - 46*h + 139. What is z(6)?
7
Let j(z) = 12*z + 220. Give j(-8).
124
Let s(q) = q**3 + 14*q**2 - 293*q + 939. Determine s(8).
3
Let w(u) = 18*u**2 - 115*u + 18. What is w(7)?
95
Let l(f) = -f**2 - 1574*f - 65846. Give l(-43).
-13
Let u(m) = -2*m**2 - 123*m - 1471. Give u(-20).
189
Let z(r) = 5*r**2 - 14*r - 362. Calculate z(0).
-362
Let c(p) = -p**2 - 16*p + 1148. Determine c(-32).
636
Let x(m) = 514*m + 506. Determine x(-1).
-8
Let l(h) = 1698*h + 11825. What is l(-7)?
-61
Let t(v) = 348*v + 1002. Give t(-3).
-42
Let t(n) = -n**2 + 30*n - 143. Determine t(6).
1
Let g(j) = -12*j**2 + 40*j + 191. What is g(-3)?
-37
Let k(p) = -2*p**2 + 13*p + 60. Give k(-6).
-90
Let w(s) = s**3 + 11*s**2 - 101*s + 16. Calculate w(-17).
-1
Let k(g) = -2*g**3 + 2*g**2 + 58*g - 131. Determine k(4).
5
Let c(i) = -2*i - 56. Determine c(0).
-56
Let d(o) = -3*o**3 - 10*o**2 + 24*o - 11. Give d(3).
-110
Let g(c) = 7*c + 280. Give g(-27).
91
Let m(r) = r**2 + 201*r - 1450. Calculate m(7).
6
Let f(b) = 205*b + 610. What is f(-3)?
-5
Let d(a) = a**3 + 2*a**2 - 15*a + 26. Calculate d(-6).
-28
Let v(n) = -n**3 + 19*n**2 + 84*n + 530. Calculate v(24).
-334
Let k(b) = 27*b + 1238. Give k(-47).
-31
Let g(h) = -h**2 - 1518*h - 15082. Calculate g(-10).
-2
Let t(r) = 2*r**3 + r**2 - 14*r - 2. Determine t(3).
19
Let g(o) = 172*o**2 + 208*o + 2. What is g(-2)?
274
Let r(s) = s**3 - 17*s**2 + 23*s - 8. Give r(16).
104
Let a(d) = 22*d + 1091. What is a(-48)?
35
Let u(p) = -66*p**3 - 8*p**2 - 4*p + 2. Give u(-1).
64
Let k(t) = -6*t + 120. Give k(18).
12
Let g(m) = 32*m**2 - 98*m - 9. What is g(3)?
-15
Let i(g) = g**2 - 22*g - 270. Give i(31).
9
Let d(w) = -5*w**3 - 12*w**2 + 47*w + 4. What is d(3)?
-98
Let k(s) = 28*s**2 + 6*s - 21. Calculate k(1).
13
Let z(w) = -3*w**3 - 40*w**2 + 83*w - 15. Calculate z(-15).
-135
Let s(i) = -i**3 + 115*i**2 - 2441*i + 468. What is s(87)?
33
Let r(k) = k**3 - 6*k**2 + 33*k - 210. Determine r(6).
-12
Let g(f) = -2*f**3 + 15*f**2 - 20*f - 15. What is g(6)?
-27
Let d(x) = -x**3 + 92*x**2 + 180*x + 752. Calculate d(94).
0
Let d(a) = 49*a**3 + 390*a**2 - 4*a + 105. Determine d(-8).
9
Let z(k) = -2*k**2 + 39*k - 258. Determine z(7).
-83
Let w(o) = 109*o**2 - 433*o - 8. Calculate w(4).
4
Let n(y) = -y**2 + 13*y - 11. What is n(11)?
11
Let k(n) = -n**2 + 56*n - 109. Calculate k(54).
-1
Let z(x) = -4*x + 55. What is z(-31)?
179
Let v(d) = 2*d**3 - 34*d**2 + 37*d - 17. What is v(16)?
63
Let v(j) = j**3 - j**2 - 697*j - 31. Calculate v(27).
104
Let i(y) = 145*y + 289. Give i(-2).
-1
Let k(u) = u**3 + 5*u**2 + 11*u - 6. Determine k(-5).
-61
Let b(x) = x**3 + 17*x**2 + 35*x - 216. Calculate b(-13).
5
Let n(v) = v**3 - 104*v**2 + 93*v + 869. Give n(103).
-161
Let z(h) = 6*h**2 + 11*h + 19. Give z(-5).
114
Let a(h) = -788*h + 7858